t are the prime factors of 1543958?
2, 13, 43, 1381
List the prime factors of 593222.
2, 7, 42373
List the prime factors of 13063175.
5, 53, 9859
What are the prime factors of 9499557?
3, 3166519
What are the prime factors of 17793480?
2, 3, 5, 148279
List the prime factors of 836993.
23, 151, 241
What are the prime factors of 3151401?
3, 11, 29, 37, 89
List the prime factors of 18272.
2, 571
List the prime factors of 18091916.
2, 229, 19751
What are the prime factors of 230647?
230647
List the prime factors of 5348351.
23, 127, 1831
What are the prime factors of 20834721?
3, 2314969
List the prime factors of 3292879.
601, 5479
List the prime factors of 18499018.
2, 2621, 3529
List the prime factors of 339431.
197, 1723
List the prime factors of 1875956.
2, 281, 1669
List the prime factors of 1129275.
3, 5, 7, 239
What are the prime factors of 721630?
2, 5, 7, 13, 61
What are the prime factors of 195928?
2, 19, 1289
List the prime factors of 177520.
2, 5, 7, 317
What are the prime factors of 737458?
2, 368729
List the prime factors of 2110297.
7, 301471
List the prime factors of 1003738.
2, 101, 4969
What are the prime factors of 785227?
785227
List the prime factors of 114266.
2, 19, 31, 97
List the prime factors of 410575.
5, 11, 1493
List the prime factors of 24926909.
7, 3560987
List the prime factors of 10367846.
2, 71, 73013
What are the prime factors of 3827837?
13, 523, 563
What are the prime factors of 539673?
3, 59, 3049
What are the prime factors of 904699?
311, 2909
List the prime factors of 484562.
2, 13, 18637
What are the prime factors of 476213?
461, 1033
List the prime factors of 5287459.
17, 311027
What are the prime factors of 982425?
3, 5, 13099
What are the prime factors of 5809676?
2, 1452419
List the prime factors of 6254743.
11, 19, 29927
What are the prime factors of 212768?
2, 61, 109
What are the prime factors of 152397?
3, 7, 41, 59
List the prime factors of 16468485.
3, 5, 11, 99809
List the prime factors of 460405.
5, 11, 761
List the prime factors of 783875.
5, 6271
What are the prime factors of 5932126?
2, 41, 73, 991
What are the prime factors of 15252831?
3, 11, 43, 3583
What are the prime factors of 3413679?
3, 383, 2971
List the prime factors of 3704080.
2, 5, 46301
List the prime factors of 270705.
3, 5, 18047
What are the prime factors of 1520368?
2, 167, 569
What are the prime factors of 129738?
2, 3, 7, 3089
List the prime factors of 595006.
2, 297503
What are the prime factors of 499321?
499321
What are the prime factors of 2269702?
2, 19, 59729
What are the prime factors of 13254611?
17, 47, 53, 313
List the prime factors of 512999.
512999
List the prime factors of 202682.
2, 101341
List the prime factors of 665723.
665723
List the prime factors of 1300539.
3, 433513
List the prime factors of 17666666.
2, 311, 28403
List the prime factors of 14292311.
11, 107, 12143
What are the prime factors of 4464148?
2, 13, 293
What are the prime factors of 210626?
2, 13, 8101
What are the prime factors of 447856?
2, 23, 1217
What are the prime factors of 263377?
67, 3931
List the prime factors of 1658946.
2, 3, 283, 977
What are the prime factors of 858604?
2, 214651
What are the prime factors of 777970?
2, 5, 77797
List the prime factors of 1968639.
3, 23, 103, 277
List the prime factors of 3055076.
2, 197, 3877
List the prime factors of 1820381.
23, 79147
List the prime factors of 11261725.
5, 127, 3547
What are the prime factors of 841427?
841427
What are the prime factors of 69695?
5, 53, 263
What are the prime factors of 51944?
2, 43, 151
List the prime factors of 3334808.
2, 416851
What are the prime factors of 1358899?
19, 37, 1933
List the prime factors of 2535079.
67, 157, 241
List the prime factors of 291826.
2, 79, 1847
List the prime factors of 74925.
3, 5, 37
List the prime factors of 869447.
131, 6637
What are the prime factors of 754943?
7, 31, 71
List the prime factors of 52564.
2, 17, 773
What are the prime factors of 9754275?
3, 5, 130057
List the prime factors of 132413.
17, 7789
List the prime factors of 13403570.
2, 5, 1340357
What are the prime factors of 88326?
2, 3, 7, 701
List the prime factors of 7067175.
3, 5, 94229
List the prime factors of 144318.
2, 3, 67, 359
What are the prime factors of 881148?
2, 3, 97, 757
What are the prime factors of 4038198?
2, 3, 149, 4517
What are the prime factors of 358551?
3, 39839
List the prime factors of 81376.
2, 2543
List the prime factors of 12315780.
2, 3, 5, 22807
List the prime factors of 720157.
19, 29, 1307
What are the prime factors of 144516?
2, 3, 12043
What are the prime factors of 307555?
5, 61511
List the prime factors of 7430790.
2, 3, 5, 247693
What are the prime factors of 894029?
271, 3299
List the prime factors of 319292.
2, 79823
What are the prime factors of 241628?
2, 29, 2083
List the prime factors of 8094374.
2, 691, 5857
List the prime factors of 446631.
3, 53
What are the prime factors of 9114596?
2, 2278649
What are the prime factors of 502084?
2, 11, 11411
List the prime factors of 112203.
3, 7, 13, 137
List the prime factors of 8653004.
2, 2163251
What are the prime factors of 1568620?
2, 5, 107, 733
List the prime factors of 9270842.
2, 7, 662203
What are the prime factors of 17675543?
61, 289763
What are the prime factors of 129171?
3, 7, 6151
List the prime factors of 1374327.
3, 19, 47
List the prime factors of 739086.
2, 3, 199, 619
List the prime factors of 31275401.
89, 127, 2767
What are the prime factors of 10389590?
2, 5, 53, 19603
List the prime factors of 670772.
2, 23, 317
What are the prime factors of 3528390?
2, 3, 5, 337, 349
List the prime factors of 308621.
308621
What are the prime factors of 10081008?
2, 3, 7, 73, 137
List the prime factors of 34579.
151, 229
What are the prime factors of 153175?
5, 11, 557
What are the prime factors of 4068866?
2, 2034433
What are the prime factors of 7249295?
5, 97, 14947
List the prime factors of 2896579.
7, 17, 101, 241
List the prime factors of 471765.
3, 5, 7, 4493
What are the prime factors of 1006792?
2, 317, 397
List the prime factors of 1213916.
2, 11, 47, 587
What are the prime factors of 922739?
922739
List the prime factors of 277122.
2, 3, 46187
List the prime factors of 6318462.
2, 3, 29, 36313
What are the prime factors of 118974?
2, 3, 79, 251
List the prime factors of 2110531.
2110531
What are the prime factors of 23723189?
7, 23, 29, 5081
List the prime factors of 33234.
2, 3, 29, 191
List the prime factors of 1041360.
2, 3, 5, 4339
List the prime factors of 2709600.
2, 3, 5, 1129
What are the prime factors of 540603?
3, 7, 8581
List the prime factors of 92174.
2, 17, 2711
What are the prime factors of 448800?
2, 3, 5, 11, 17
List the prime factors of 109513.
97, 1129
What are the prime factors of 77076?
2, 3, 2141
List the prime factors of 514469.
499, 1031
List the prime factors of 22474898.
2, 521, 21569
What are the prime factors of 300593?
300593
What are the prime factors of 3999192?
2, 3, 281, 593
List the prime factors of 373138.
2, 186569
List the prime factors of 81455.
5, 11, 1481
List the prime factors of 174908.
2, 73, 599
What are the prime factors of 1289893?
11, 149, 787
List the prime factors of 31190456.
2, 11, 239, 1483
What are the prime factors of 2754748?
2, 17, 2383
What are the prime factors of 1034850?
2, 3, 5, 6899
What are the prime factors of 5878694?
2, 2939347
What are the prime factors of 372048?
2, 3, 23, 337
What are the prime factors of 4124612?
2, 29, 31, 37
List the prime factors of 266649.
3, 88883
List the prime factors of 1063118.
2, 7, 75937
List the prime factors of 1080747.
3, 23, 227
List the prime factors of 10859968.
2, 7, 3463
What are the prime factors of 214734?
2, 3, 13, 2753
What are the prime factors of 1563271?
1563271
List the prime factors of 13167125.
5, 105337
What are the prime factors of 19182022?
2, 9591011
What are the prime factors of 22462794?
2, 3, 137, 9109
What are the prime factors of 104?
2, 13
List the prime factors of 672617.
11, 47, 1301
What are the prime factors of 247684?
2, 19, 3259
List the prime factors of 7008157.
13, 539089
What are the prime factors of 6106950?
2, 3, 5, 41, 331
What are the prime factors of 1131158?
2, 7, 43, 1879
What are the prime factors of 656493?
3